?
12
Let o(q) = -2*q**2 + 26919*q - 80770. Give o(3).
-31
Let n(y) = 7*y**2 - 192*y - 2202. Determine n(35).
-347
Let w(d) = -941*d + 65865. What is w(70)?
-5
Let b(t) = -397*t - 4449. Determine b(-10).
-479
Let x(j) = 4516*j - 171586. Calculate x(38).
22
Let j(i) = -31*i - 2563. What is j(-69)?
-424
Let m(q) = -11*q**2 - 78*q - 60. Calculate m(-11).
-533
Let u(o) = o**3 + 11*o**2 - 238*o - 1745. Calculate u(-7).
117
Let r(s) = 21219*s - 63430. Calculate r(3).
227
Let l(g) = -535727*g - 1. Determine l(0).
-1
Let l(q) = -q**3 + 32*q**2 - 32*q + 172. Determine l(31).
141
Let o(z) = -4818*z + 245776. What is o(51)?
58
Let t(n) = -n**3 + 111*n**2 - n + 188. Calculate t(111).
77
Let k(u) = -219481*u + 42579309. Calculate k(194).
-5
Let q(m) = -m**3 - 20*m**2 + 57*m + 755. Calculate q(-21).
-1
Let k(u) = 634*u - 855884. What is k(1350)?
16
Let f(u) = -10*u**2 - 107655*u + 107658. Determine f(1).
-7
Let s(w) = -w**3 + 51*w**2 - 740*w + 23461. What is s(46)?
1
Let g(k) = 28334*k + 170096. Give g(-6).
92
Let w(c) = -946*c - 30243. Give w(-32).
29
Let m(k) = 1514*k - 6962. Give m(5).
608
Let a(t) = -4834*t + 169192. Give a(35).
2
Let k(g) = 367691*g + 1103062. Determine k(-3).
-11
Let l(z) = z**3 - 66*z**2 - 20*z - 3031. Calculate l(67).
118
Let f(z) = -4*z**2 - 86*z + 7057. Calculate f(34).
-491
Let k(x) = 24*x**2 + 13301*x + 16036. Determine k(-553).
-1
Let p(g) = 2*g**2 - 218*g - 992. What is p(115)?
388
Let u(n) = -12400*n - 148743. Calculate u(-12).
57
Let f(t) = -3137*t - 100606. Calculate f(-32).
-222
Let y(k) = 648*k**2 - 76463*k - 148. Determine y(118).
-30
Let f(x) = -1085*x**2 + 7581*x - 20. Give f(7).
-118
Let f(l) = -146*l - 36641. Give f(-248).
-433
Let d(q) = -588*q**2 + 27643*q - 259. Calculate d(47).
70
Let g(f) = -592*f + 1443. Determine g(3).
-333
Let o(t) = -t**3 - 355*t**2 + 2304*t + 49808. Calculate o(-361).
-10
Let r(y) = -2346*y - 100930. Determine r(-43).
-52
Let d(s) = -s**3 - 42*s**2 - 6*s - 226. Give d(-42).
26
Let w(z) = 5*z**3 - 1341*z - 1341. Determine w(-1).
-5
Let m(v) = -249*v - 2877. Calculate m(-12).
111
Let q(g) = -5175*g - 569228. Calculate q(-110).
22
Let o(w) = -2*w**2 - 538*w - 1586. Calculate o(-265).
534
Let f(u) = 4*u**2 + 872*u + 12898. What is f(-16)?
-30
Let q(b) = b**2 + 372*b + 12286. Calculate q(-36).
190
Let n(g) = -g**3 + 159*g**2 - 462*g - 932. What is n(156)?
4
Let h(v) = 13088*v - 183543. Calculate h(14).
-311
Let c(h) = -125*h + 5150. Determine c(-19).
7525
Let z(j) = 2*j**2 + 325*j + 1194. Give z(-4).
-74
Let q(h) = h**2 + 155352*h - 776768. Give q(5).
17
Let p(f) = f**3 - 252*f**2 + 2652*f - 259. Determine p(241).
-18
Let r(t) = -170738*t + 2048852. Determine r(12).
-4
Let k(v) = -6591*v - 47. What is k(0)?
-47
Let y(n) = -n**3 - 55*n**2 + 71*n - 2150. Give y(-57).
301
Let p(w) = w**2 - 1211*w - 131105. Determine p(-100).
-5
Let f(n) = 7961*n - 111115. What is f(14)?
339
Let v(n) = n**3 + 6*n**2 + 327*n + 2368. What is v(-7)?
30
Let o(z) = -2*z**3 + 10*z**2 + 181*z - 141. Give o(13).
-492
Let y(n) = 928*n**2 + 25051*n - 132. Determine y(-27).
3
Let u(y) = -2*y**2 - 49*y + 140. Determine u(-30).
-190
Let b(g) = 333*g + 6438. Give b(-11).
2775
Let x(w) = -3*w**3 - 56*w**2 - 224*w + 103. Calculate x(-13).
142
Let d(j) = -2628*j + 81453. Determine d(31).
-15
Let k(u) = 5*u**2 + 1969*u - 7926. Give k(4).
30
Let z(s) = -232*s - 1669. Give z(-12).
1115
Let r(i) = 25*i**2 - 63*i - 254. Calculate r(6).
268
Let w(f) = -3*f**2 + 4442*f - 48531. What is w(11)?
-32
Let b(z) = -4*z**2 + 72843*z - 72839. Give b(1).
0
Let q(z) = -196*z**2 - 771*z + 20. Give q(-4).
-32
Let k(t) = -1125*t - 28129. What is k(-25)?
-4
Let t(a) = 2*a**3 - 7*a**2 + 26*a + 182. Determine t(-6).
-658
Let q(c) = 2*c**2 - 29*c - 269. What is q(22)?
61
Let s(h) = -1169*h + 1391. What is s(1)?
222
Let f(x) = 20139*x - 20074. What is f(1)?
65
Let b(l) = -2*l**3 + 52*l**2 - 213*l - 157. Determine b(23).
-1882
Let b(k) = 4*k**2 - 83*k - 742. Give b(27).
-67
Let p(r) = -854*r + 19928. Determine p(23).
286
Let l(q) = 4437*q + 417090. What is l(-94)?
12
Let u(b) = -5*b**3 + 8*b**2 + 178*b - 1235. Calculate u(8).
-1859
Let b(a) = a**2 + 1466*a - 20711. Give b(14).
9
Let r(l) = -l**3 - 796*l**2 + 2369*l + 98. Give r(3).
14
Let w(g) = 2240*g - 19. What is w(0)?
-19
Let m(l) = 729*l**2 + 2437*l + 847. What is m(-3)?
97
Let u(i) = -400*i - 3600. What is u(-9)?
0
Let j(t) = -798*t + 149249. Calculate j(187).
23
Let h(v) = -v**3 + 62*v**2 + 135*v - 177. Determine h(64).
271
Let r(c) = -155*c + 42807. What is r(266)?
1577
Let w(f) = 11*f**3 + 1485*f**2 - 3*f - 378. Determine w(-135).
27
Let d(q) = 1720*q + 17766. Determine d(-10).
566
Let b(m) = -m**3 + 11*m**2 + 2619*m - 31286. Calculate b(12).
-2
Let p(k) = -37795*k - 12699111. Determine p(-336).
9
Let z(a) = 87*a**2 - 113*a - 142. Calculate z(-1).
58
Let d(r) = -4374*r - 19841. Determine d(-5).
2029
Let f(o) = -3*o**2 - 255*o - 3098. Give f(-12).
-470
Let g(t) = -40918*t - 59535689. Determine g(-1455).
1
Let j(u) = 484*u**3 - 3388*u**2 - 2*u + 11. Determine j(7).
-3
Let r(b) = -77331*b + 2087957. Give r(27).
20
Let t(c) = -32697*c - 1340575. What is t(-41)?
2
Let j(f) = f**3 - 8*f**2 + 96*f - 341. Calculate j(6).
163
Let w(z) = -z**2 - 6*z + 44412. What is w(-214)?
-100
Let h(o) = -2*o**3 + 32*o**2 + 64*o + 19. What is h(-2)?
35
Let l(v) = v**3 - 15*v - 212. Give l(7).
26
Let l(d) = -11291*d - 10282. Determine l(-1).
1009
Let q(c) = 2865*c + 126025. Give q(-44).
-35
Let r(t) = -t**3 - 147*t**2 + 1248*t + 1236. Determine r(-155).
-4
Let m(o) = -530*o**3 - 63598*o**2 + 218*o - 2640. Determine m(-120).
0
Let y(g) = -6*g**3 - 33*g**2 - 32*g + 187. Determine y(-5).
272
Let s(o) = 85510*o - 513056. What is s(6)?
4
Let a(i) = 297*i**3 - 1487*i**2 + 77*i - 304. Determine a(5).
31
Let k(g) = -g**2 + 32549*g - 29957761. Determine k(948).
-13
Let l(p) = -686*p + 224997. Determine l(328).
-11
Let a(i) = -3*i**3 + 9*i**2 + 58*i - 127. Give a(2).
1
Let w(u) = 618046*u + 14833107. Give w(-24).
3
Let w(j) = 364694*j - 44. Determine w(0).
-44
Let r(t) = -2*t**2 + 20*t + 7. Determine r(9).
25
Let y(o) = -5*o**3 + 12*o**2 + 613*o - 1868. What is y(3)?
-56
Let h(m) = -9*m**2 - 34*m - 3. Determine h(0).
-3
Let i(x) = -4*x**2 - 306*x + 13884. Calculate i(32).
-4
Let s(c) = 6*c**3 + 1391*c**2 - 236*c - 930. Give s(-232).
-2
Let r(a) = 5*a**2 - 900*a + 2836. Give r(177).
181
Let m(f) = 7*f**2 + 895*f - 41293. Calculate m(36).
-1
Let j(g) = 180*g - 12634. Calculate j(70).
-34
Let k(r) = 6709*r + 3562466. Give k(-531).
-13
Let l(h) = 4368*h + 17560. Give l(-4).
88
Let x(g) = -294*g + 85049. Give x(289).
83
Let p(g) = -g**3 + 44*g**2 - 2292*g + 119238. What is p(48)?
6
Let j(z) = 2475804*z - 17330617. What is j(7)?
11
Let x(u) = 3*u**2 - 201*u - 2235. Give x(-13).
885
Let a(h) = -h**3 - 503*h**2 - 2010*h - 43. Determine a(-4).
13
Let n(g) = -g**3 - 28*g**2 + 151*g + 5932. Calculate n(-24).
4
Let g(f) = -f**3 + 35*f**2 + 2884*f - 47779. Determine g(15).
-19
Let g(t) = -73*t + 363. Calculate g(11).
-440
Let q(d) = 107114*d - 321764. What is q(3)?
-422
Let z(a) = 67825*a - 1899115. Determine z(28).
-15
Let b(d) = 2852*d + 2848. Give b(-1).
-4
Let k(h) = -61*h**2 + 3517*h - 18901. What is k(6)?
5
Let f(m) = 19*m**2 - 557*m + 1109. Give f(2).
71
Let m(u) = 7*u**3 - 11*u**2 + 5*u + 16. What is m(6)?
1162
Let z(h) = h**2 + 267*h + 13214. Give z(-67).
-186
Let s(p) = -2*p**3 - 82*p**2 - 236*p - 305. Give s(-38).
-1
Let p(q) = -42*q + 531. Determine p(1).
489
Let l(u) = 5*u**3 - 2798*u**2 - 15258*u + 1711. Give l(565).
16
Let p(y) = -2*y**3 + 207*y**2 + 294*y + 2772. What is p(105)?
567
Let v(m) = 5700*m - 56994. Determine v(10).
6
Let l(v) = 24*v**2 - 135*v - 54. Calculate l(7).
177
Let n(v) = -3*v**2 - 15906*v - 127067. What is n(-8)?
-11
Let s(g) = 1019*g + 1130085. Determine s(-1109).
14
Let r(p) = -317*p**2 + 5061*p + 37. Calculate r(16).
-139
Let g(u) = 42481*u + 3695843. Determine g(-87).
-4
Let s(n) = -12*n**2 + 121*n + 2488. Calculate s(31).
-5293
Let t(k) = 3*k**2 - 315*k + 5854. What is t(78)?
-464
Let b(q) = 200607*q - 6820649. Determine b(34).
-11
Let t(x) = -2*x**3 - 31*x**2 + 656*x + 10156. Determine t(-16).
-84
Let q(w) = -w**3 + 33*w**2 + 734*w + 9384. What is q(51)?
0
Let x(c) = 147*c + 913. What is x(-7)?
-116
Le